{"id":145,"date":"2019-04-02T23:13:18","date_gmt":"2019-04-02T23:13:18","guid":{"rendered":"http:\/\/centrocardiologicopatagonico.com.ar\/site\/?page_id=145"},"modified":"2023-04-11T12:27:14","modified_gmt":"2023-04-11T15:27:14","slug":"ccp","status":"publish","type":"page","link":"http:\/\/centrocardiologicopatagonico.com.ar\/site\/ccp\/","title":{"rendered":"Nosotros"},"content":{"rendered":"\n<p>Con m\u00e1s de 20 a\u00f1os en la regi\u00f3n el <em><strong>Centro Cardiol\u00f3gico Patag\u00f3nico<\/strong><\/em>, tiene a cargo el servicio de Cardiolog\u00eda Cl\u00ednica y de Diagn\u00f3stico de la Clinica Pasteur  con una sede en J B Justo 290 y  ademas cuenta con otra sede en la Clinica San Agust\u00edn, ubicada en Candelaria 45, de la ciudad de Neuqu\u00e9n.<\/p>\n\n\n\n<div class=\"wp-block-columns has-2-columns is-layout-flex wp-container-core-columns-is-layout-9d6595d7 wp-block-columns-is-layout-flex\">\n<div class=\"wp-block-column is-layout-flow wp-block-column-is-layout-flow\">\n<p><\/p>\n<\/div>\n\n\n\n<div class=\"wp-block-column is-layout-flow wp-block-column-is-layout-flow\">\n<p><\/p>\n<\/div>\n<\/div>\n\n\n\n<h3 class=\"wp-block-heading\">Misi\u00f3n<\/h3>\n\n\n\n<p>Brindar servicios de cardiolog\u00eda cl\u00ednica y de diagn\u00f3stico, haciendo hincapi\u00e9 en la calidad de atenci\u00f3n y seguimiento de nuestros pacientes.<\/p>\n\n\n\n<h3 class=\"wp-block-heading\">Visi\u00f3n<\/h3>\n\n\n\n<p>Ser una organizaci\u00f3n l\u00edder en la prestaci\u00f3n de servicios de cardiolog\u00eda cl\u00ednica y de diagn\u00f3stico en la regi\u00f3n<\/p>\n\n\n\n<figure class=\"wp-block-embed-youtube wp-block-embed is-type-video is-provider-youtube wp-embed-aspect-16-9 wp-has-aspect-ratio\"><div class=\"wp-block-embed__wrapper\">\n<iframe loading=\"lazy\" title=\"Centro Cardil\u00f3gico Patag\u00f3nico\" width=\"800\" height=\"450\" src=\"https:\/\/www.youtube.com\/embed\/_f-XPN2THT0?feature=oembed\" frameborder=\"0\" allow=\"accelerometer; autoplay; clipboard-write; encrypted-media; gyroscope; picture-in-picture; web-share\" allowfullscreen><\/iframe>\n<\/div><\/figure>\n","protected":false},"excerpt":{"rendered":"<p>Con m\u00e1s de 20 a\u00f1os en la regi\u00f3n el Centro Cardiol\u00f3gico Patag\u00f3nico, tiene a cargo el servicio de Cardiolog\u00eda Cl\u00ednica y de Diagn\u00f3stico de la Clinica Pasteur con una sede &#8230;<\/p>\n","protected":false},"author":2,"featured_media":217,"parent":0,"menu_order":0,"comment_status":"closed","ping_status":"closed","template":"","meta":{"footnotes":""},"class_list":["post-145","page","type-page","status-publish","has-post-thumbnail","hentry"],"_links":{"self":[{"href":"http:\/\/centrocardiologicopatagonico.com.ar\/site\/wp-json\/wp\/v2\/pages\/145","targetHints":{"allow":["GET"]}}],"collection":[{"href":"http:\/\/centrocardiologicopatagonico.com.ar\/site\/wp-json\/wp\/v2\/pages"}],"about":[{"href":"http:\/\/centrocardiologicopatagonico.com.ar\/site\/wp-json\/wp\/v2\/types\/page"}],"author":[{"embeddable":true,"href":"http:\/\/centrocardiologicopatagonico.com.ar\/site\/wp-json\/wp\/v2\/users\/2"}],"replies":[{"embeddable":true,"href":"http:\/\/centrocardiologicopatagonico.com.ar\/site\/wp-json\/wp\/v2\/comments?post=145"}],"version-history":[{"count":22,"href":"http:\/\/centrocardiologicopatagonico.com.ar\/site\/wp-json\/wp\/v2\/pages\/145\/revisions"}],"predecessor-version":[{"id":486,"href":"http:\/\/centrocardiologicopatagonico.com.ar\/site\/wp-json\/wp\/v2\/pages\/145\/revisions\/486"}],"wp:featuredmedia":[{"embeddable":true,"href":"http:\/\/centrocardiologicopatagonico.com.ar\/site\/wp-json\/wp\/v2\/media\/217"}],"wp:attachment":[{"href":"http:\/\/centrocardiologicopatagonico.com.ar\/site\/wp-json\/wp\/v2\/media?parent=145"}],"curies":[{"name":"wp","href":"https:\/\/api.w.org\/{rel}","templated":true}]}}